s divided by 45?
12
What is the remainder when 1215 is divided by 400?
15
Calculate the remainder when 804 is divided by 234.
102
What is the remainder when 147 is divided by 21?
0
Calculate the remainder when 17493 is divided by 9.
6
What is the remainder when 2212 is divided by 20?
12
What is the remainder when 344 is divided by 58?
54
What is the remainder when 2078 is divided by 27?
26
What is the remainder when 503 is divided by 101?
99
Calculate the remainder when 1207 is divided by 110.
107
Calculate the remainder when 641 is divided by 202.
35
What is the remainder when 378 is divided by 183?
12
What is the remainder when 49 is divided by 11?
5
Calculate the remainder when 90 is divided by 48.
42
What is the remainder when 40569 is divided by 196?
193
What is the remainder when 83 is divided by 21?
20
Calculate the remainder when 665 is divided by 16.
9
What is the remainder when 124 is divided by 48?
28
What is the remainder when 49 is divided by 27?
22
What is the remainder when 588 is divided by 43?
29
What is the remainder when 419 is divided by 106?
101
What is the remainder when 727 is divided by 175?
27
What is the remainder when 2085 is divided by 3?
0
What is the remainder when 36 is divided by 10?
6
What is the remainder when 80 is divided by 22?
14
What is the remainder when 308 is divided by 143?
22
What is the remainder when 7217 is divided by 172?
165
What is the remainder when 726 is divided by 13?
11
What is the remainder when 931 is divided by 301?
28
Calculate the remainder when 301 is divided by 232.
69
What is the remainder when 923 is divided by 72?
59
What is the remainder when 1724 is divided by 116?
100
What is the remainder when 224 is divided by 23?
17
Calculate the remainder when 294 is divided by 74.
72
What is the remainder when 242 is divided by 85?
72
What is the remainder when 351 is divided by 8?
7
Calculate the remainder when 210 is divided by 62.
24
What is the remainder when 25648 is divided by 57?
55
What is the remainder when 53 is divided by 52?
1
Calculate the remainder when 380 is divided by 55.
50
Calculate the remainder when 35 is divided by 11.
2
What is the remainder when 93 is divided by 19?
17
Calculate the remainder when 233 is divided by 59.
56
Calculate the remainder when 3033 is divided by 32.
25
Calculate the remainder when 3994 is divided by 20.
14
What is the remainder when 1183 is divided by 27?
22
Calculate the remainder when 206 is divided by 19.
16
What is the remainder when 19568 is divided by 206?
204
Calculate the remainder when 205 is divided by 35.
30
What is the remainder when 1919 is divided by 107?
100
Calculate the remainder when 7922 is divided by 57.
56
Calculate the remainder when 1473 is divided by 12.
9
Calculate the remainder when 355 is divided by 36.
31
Calculate the remainder when 464 is divided by 7.
2
What is the remainder when 388 is divided by 14?
10
What is the remainder when 1091 is divided by 48?
35
Calculate the remainder when 256 is divided by 250.
6
Calculate the remainder when 1926 is divided by 1903.
23
Calculate the remainder when 594 is divided by 33.
0
Calculate the remainder when 104 is divided by 2.
0
Calculate the remainder when 295 is divided by 38.
29
What is the remainder when 1359 is divided by 38?
29
Calculate the remainder when 233 is divided by 30.
23
Calculate the remainder when 416 is divided by 35.
31
Calculate the remainder when 1240 is divided by 46.
44
Calculate the remainder when 504 is divided by 48.
24
Calculate the remainder when 46917 is divided by 69.
66
Calculate the remainder when 3067 is divided by 1019.
10
Calculate the remainder when 826 is divided by 205.
6
Calculate the remainder when 101 is divided by 28.
17
What is the remainder when 926 is divided by 329?
268
What is the remainder when 922 is divided by 184?
2
What is the remainder when 133 is divided by 37?
22
What is the remainder when 283 is divided by 26?
23
What is the remainder when 163 is divided by 15?
13
Calculate the remainder when 81 is divided by 58.
23
Calculate the remainder when 41 is divided by 25.
16
Calculate the remainder when 193 is divided by 38.
3
Calculate the remainder when 642 is divided by 206.
24
Calculate the remainder when 325 is divided by 82.
79
Calculate the remainder when 1118 is divided by 14.
12
What is the remainder when 224 is divided by 71?
11
What is the remainder when 196 is divided by 63?
7
Calculate the remainder when 103 is divided by 35.
33
Calculate the remainder when 5296 is divided by 100.
96
Calculate the remainder when 538 is divided by 19.
6
What is the remainder when 163 is divided by 6?
1
What is the remainder when 21 is divided by 7?
0
What is the remainder when 317 is divided by 94?
35
What is the remainder when 7255 is divided by 19?
16
Calculate the remainder when 577 is divided by 145.
142
What is the remainder when 14 is divided by 9?
5
What is the remainder when 154 is divided by 29?
9
Calculate the remainder when 613 is divided by 22.
19
Calculate the remainder when 563 is divided by 3.
2
What is the remainder when 762 is divided by 64?
58
Calculate the remainder when 209 is divided by 96.
17
What is the remainder when 295 is divided by 29?
5
Calculate the remainder when 106 is divided by 38.
30
Calculate the remainder when 152 is divided by 57.
38
What is the remainder when 234 is divided by 37?
12
What is the remainder when 158 is divided by 16?
14
Calculate the remainder when 466 is divided by 157.
152
Calculate the remainder when 229 is divided by 53.
17
Calculate the remainder when 15587 is divided by 339.
332
Calculate the remainder when 875 is divided by 84.
35
Calculate the remainder when 106 is divided by 11.
7
What is the remainder when 61 is divided by 49?
12
What is the remainder when 486 is divided by 17?
10
Calculate the remainder when 46 is divided by 15.
1
Calculate the remainder when 116 is divided by 18.
8
Calculate the remainder when 75 is divided by 7.
5
Calculate the remainder when 1763 is divided by 878.
7
Calculate the remainder when 232 is divided by 7.
1
Calculate the remainder when 5127 is divided by 48.
39
Calculate the remainder when 700 is divided by 78.
76
Calculate the remainder when 597 is divided by 30.
27
Calculate the remainder when 1949 is divided by 17.
11
Calculate the remainder when 56477 is divided by 32.
29
Calculate the remainder when 326 is divided by 109.
108
What is the remainder when 2802 is divided by 51?
48
What is the remainder when 251 is divided by 33?
20
What is the remainder when 441 is divided by 6?
3
Calculate the remainder when 566 is divided by 282.
2
What is the remainder when 283 is divided by 85?
28
Calculate the remainder when 944 is divided by 12.
8
What is the remainder when 157 is divided by 36?
13
Calculate the remainder when 1005 is divided by 42.
39
What is the remainder when 598 is divided by 60?
58
What is the remainder when 31 is divided by 25?
6
Calculate the remainder when 129 is divided by 33.
30
What is the remainder when 531 is divided by 18?
9
What is the remainder when 4352 is divided by 7?
5
Calculate the remainder when 21299 is divided by 150.
149
Calculate the remainder when 69 is divided by 41.
28
What is the remainder when 1046 is divided by 253?
34
What is the remainder when 1507 is divided by 1496?
11
What is the remainder when 5181 is divided by 16?
13
Calculate the remainder when 4797 is divided by 75.
72
Calculate the remainder when 162 is divided by 103.
59
Calculate the remainder when 782 is divided by 125.
32
What is the remainder when 207 is divided by 11?
9
What is the remainder when 2114 is divided by 431?
390
What is the remainder when 116 is divided by 26?
12
Calculate the remainder when 1220 is divided by 208.
180
Calculate the remainder when 172 is divided by 54.
10
Calculate the remainder when 204 is divided by 24.
12
What is the remainder when 977 is divided by 320?
17
Calculate the remainder when 71 is divided by 19.
14
What is the remainder when 492 is divided by 44?
8
Calculate the remainder when 158 is divided by 55.
48
Calculate the remainder when 12421 is divided by 17.
11
Calculate the remainder when 166 is divided by 56.
54
What is the remainder when 6390 is divided by 1276?
10
Calculate the rema